). Give y(a).
-6
Let h(u) = 2*u. Let x be (-19)/((-456)/252)*(-2)/(-3). Give h(x).
14
Suppose 103*z - 104*z - 9 = 0. Let l(p) = -p**3 - 8*p**2 + 7*p - 4. Calculate l(z).
14
Suppose -2*u + 13 = 3*g, -3 = u - 2*u + 2*g. Let k(l) = -4 + l - l + l + u. Calculate k(-6).
-5
Let r(m) = 5*m + 2. Suppose 9 - 13 = -2*g. Calculate r(g).
12
Let t(l) = 4*l - 5. Let h = -101 - -105. Give t(h).
11
Suppose 5*f + 4 = 3*x + 3, 3*x - 5 = f. Suppose -x*l - 14 = -22. Let z(j) = j + 3. Determine z(l).
7
Let t be 20 - 1068/54 - 25/(-9). Let j(s) = s**2 - 2 - 1 - s - 1. Calculate j(t).
2
Let d(o) = -3*o - 7. Suppose -3*s + s - 5*m + 18 = 0, 2*s = 4*m - 18. Let z(c) be the first derivative of -c + 8. Let p(i) = s*d(i) + 6*z(i). Calculate p(4).
13
Suppose 0 = -3*h - y - 13, y + 17 = -4*h - 0*y. Let n(l) = l**3 + 5*l**2 + 5*l + 5. What is n(h)?
1
Suppose -2 = 6*t - 20. Let l(u) = -14 + 7*u**t + 0*u**3 + 15. What is l(1)?
8
Let g(c) = -c**2 + 7*c - 3. Let j(y) = -y**2 - 8*y - 11. Let m be j(-4). Suppose -4*z + 2*b + 18 = -b, -m*b = z - 16. Give g(z).
3
Let x(f) = -2*f**2 - f + 6293*f**3 + 2*f**2 - 11*f**2 - 6292*f**3 - 10. Calculate x(11).
-21
Let t(l) = -l**3 - l**2 + 4*l. Let k be t(0). Let s(o) = 2*o - 4. Give s(k).
-4
Let i = -51 - -93. Let r(j) = j**2 + 14*j + 14*j + 11*j + 3 - i*j. Give r(4).
7
Let d(u) = u**3 - 5*u**2 + 2*u. Let l = 32 + -20. Let q be 56/l + 1/3*1. Determine d(q).
10
Let i(o) = 13*o - 14 + 6 - 6*o - 4*o. Let s(n) = -9*n + 14. Let g(v) = 8*v - 13. Let m(w) = -7*g(w) - 6*s(w). Let k(l) = 3*i(l) + 4*m(l). What is k(-5)?
-1
Let q(h) = -2*h**2 - 2*h + 12. Let m(x) = -x - 1. Let f be m(-3). Let t be q(f). Let n(u) = u**3 - u**2 - u + 11. Give n(t).
11
Let z(k) = -k + 4. Let p(w) be the third derivative of -w**3/3 + 31*w**2 + 2*w. Let v be (2 - (-5)/(-1))*1. Let b(m) = v*z(m) - 7*p(m). Give b(-2).
-4
Let b(x) = x**2 - 11*x - 34. Let j be b(-3). Let m(h) = h**2 - 9*h - 1. Calculate m(j).
-9
Suppose -b - 4*b + 20 = 0. Suppose -d + l + l = -4, -2*l = d - b. Let s(c) = 12*c + 0 + c**2 - 11*c + d. Calculate s(0).
4
Let v(n) = -3*n**2 + 2*n**2 + 4*n**2. Let d be v(1). Let f(a) = 4*a + 5*a**2 + 3 + 3 - 3*a**2 - d*a**2. Give f(6).
-6
Let n(g) = 4*g + 2. Let p(u) = u**3 + 14*u + 7. Let s(x) = 21*n(x) - 6*p(x). Let l(c) = -c**2 - 7*c + 7. Let y be l(-8). Give s(y).
6
Let y(g) be the second derivative of -g**5/20 + 5*g**4/6 + g**2/2 + 115*g. What is y(10)?
1
Let u be (2 - 0)*(-9)/(-2). Let o be ((-6)/u)/(2/6). Let w be (o - -2) + 1 + 1. Let l(h) = -h**3 + 2*h**2 - 2*h. Give l(w).
-4
Suppose 0 = 110*i - 26*i + 1428. Let s(k) = 2*k + 30. Determine s(i).
-4
Let v(h) = -h**3 + 5*h**2 + 6*h + 1. Let p(b) be the third derivative of -1/12*b**4 + b**2 + 1/12*b**5 + 0 - 1/6*b**3 + 0*b. Let o be p(-1). Determine v(o).
1
Let d(s) = -9*s**3 - 23*s**2 - 6*s - 2. Let h(y) = -9*y**3 - 30*y**2 - 8*y - 3. Let x(q) = -4*d(q) + 3*h(q). Let n be ((-2)/6)/((-2)/6). Give x(n).
10
Suppose -z + 5*z = -8, 23 = -3*f + 2*z. Let j = 7 + f. Let s(h) = 11*h - 10*h + 2*h**3 - 3*h**2 - 3*h**3. Determine s(j).
-6
Let h(q) = -7*q - 2 + 28 - 1 - 22. What is h(1)?
-4
Let n = 232/21 - 75/7. Let x(m) be the first derivative of -n*m**3 - 5*m - 7/2*m**2 + 5. Determine x(-6).
1
Let d(w) be the third derivative of -w**5/60 - w**4/8 - w**2. Let f be d(-3). Let j(x) be the second derivative of -x**3/6 - x**2 + 76*x - 3. Give j(f).
-2
Suppose 0 = 5*u + 5*i + 100, 2*u + 50 = -2*u + 2*i. Let p = u + 17. Let z(a) = -1 - 499*a**p + 10*a**3 + 499*a**2. What is z(1)?
9
Let f = 5/57 + -27/380. Let u(d) be the third derivative of 5/6*d**3 + 0 + f*d**5 + 4*d**2 - 1/24*d**4 + 0*d. Determine u(0).
5
Let u(z) = -12*z - 20. Let x(h) = -3*h**2 + 30*h + 25. Let k be x(11). What is u(k)?
76
Suppose 5*d + 5 = 0, 0 = k + 4*k + 2*d + 822. Let a = k - -165. Let p(c) = -7*c - 1. What is p(a)?
-8
Let f(y) = -y**2 - 8*y - 3. Let g(q) = q. Let j be g(8). Suppose -m - j = p + 15, 3*p + m = -67. Let c = p + 15. Calculate f(c).
4
Suppose 4*o = -o - 2*h + 33, 3*o - 20 = -h. Let k(b) = -b - 1. What is k(o)?
-8
Let f(m) = m**3 - m**2 + m - 3. Suppose 4 = 5*c - 21. Suppose 3*t = r + t - 3, c*r = -4*t + 15. Let h be 1 + (-2)/(-1) - r. What is f(h)?
-3
Let h(g) = g**3 + g**2 + g - 1. Let c(b) = 2*b**2 - 3*b + 4. Let t(p) = c(p) + h(p). Let a be t(-4). Let n(x) = -x**3 - 5*x**2 + x + 6. Calculate n(a).
1
Let x(y) = -2*y**3 - y**2 + 2*y - 5. Let c(m) = -3*m**3 - 3*m**2 + 4*m - 9. Let w(b) = 3*c(b) - 5*x(b). Let g(t) = t**2 - 9*t + 23. Let n be g(5). What is w(n)?
-5
Let w(d) = d**3 + d**2 + d. Suppose 8 = 2*i + 2*i. Suppose -2*n = n + 12, i*t + 14 = -3*n. What is w(t)?
-1
Let z(r) = r**2 - 6*r + 4. Let p(n) = -n**2 + 10*n - 6. Let q(a) = 5*p(a) + 8*z(a). What is q(-1)?
3
Let a(g) = -4*g**2 + 2*g - 5. Let n(h) = -5*h**2 + 2*h - 6. Let s(d) = -6*a(d) + 5*n(d). Calculate s(-2).
0
Let y(q) = 3*q + 85. Let s be y(-25). Suppose 2*w + s = 4*w. Let f(k) = 4*k - 2. Calculate f(w).
18
Let m(t) = -t**3 + 9*t**2 + 11*t - 2. Let i(p) = -p**2 + 33*p - 232. Let j be i(22). What is m(j)?
8
Let w(j) = 6 - j**2 + 3 - 1 - 2*j**2 - 10*j + 2*j**2. What is w(-11)?
-3
Let k(j) = -j - 3. Let u be 1/((2/48)/((-12)/(-16))). Let v be 1/(1/(2 + u)*4). What is k(v)?
-8
Let r(l) = l**3 + 2*l**2 - 6*l - 1. Suppose -i + 4*i + 17 = -5*s, 0 = -2*i + 2. Give r(s).
-9
Suppose p = 6*p. Suppose -4*b - b - 15 = p. Let c(v) be the third derivative of v**4/12 - v**3/2 - 5*v**2. Determine c(b).
-9
Suppose 4*j + 4 - 12 = 0. Let x(s) be the first derivative of s**4/4 - s**3 + 3*s**2/2 - s - 155. Calculate x(j).
1
Let s(i) = -2*i + 4. Let j be 2/3*-6 - -4. Let o be (-2)/3*(j + 54/(-12)). What is s(o)?
-2
Let x(v) = -2 + 10 - v**3 - 6 - 5*v**2 + 2*v**2 + 5*v. Let j = 0 - -2. Suppose -j = -i - 6. Give x(i).
-2
Let z(x) = -10*x - 1. Let c = -202 + 203. Give z(c).
-11
Suppose 3*o = 4*g - 97, -3*g + o + 81 = -4*o. Let s(j) = -22 - g + 45 + 10*j. Determine s(2).
21
Let k = -2 - -6. Let i = 32 - 30. Let x(m) = -m**3 - 167*m + 2*m**3 - 2 + 169*m - 5*m**i. Determine x(k).
-10
Let r(y) = -8*y - 20. Let o(z) = -7*z - 17. Let c(p) = 7*o(p) - 6*r(p). Let b = 2 - 4. What is c(b)?
3
Let s(i) = -i. Let t(d) = -13 + 4 + 1 + 9. Let a(f) = -4*s(f) + t(f). Let u(m) = 2*m**2 + m. Let b be u(-1). What is a(b)?
5
Let j(h) be the first derivative of -5*h**2/2 + 9*h + 595. Determine j(3).
-6
Let d be (-147)/(-98)*(-16)/6. Let b(n) = -2*n. What is b(d)?
8
Suppose -3*q = 2*x + 53, -3*x + q - 124 = 2*x. Let s = -19 - x. Let z(b) = -b**2 + 3*b - 4*b - b**3 + 1 + 6 - s. Give z(1).
-2
Let p(z) = -z**2 + 1. Let j be (3 + 6/(-3))*4. Suppose 24 = 13*d - 10*d. Suppose -j*f = -d - 0. Give p(f).
-3
Suppose -3*y - 15 = -8*y. Let a(f) = 5*f**2 - f**y + 2*f**3 - 1 - 98*f + 100*f. Give a(-5).
-11
Let t(u) = u - 1. Let d be t(0). Let o(b) = -3*b - 35. Let j be o(-10). Let v(i) = 1. Let f(p) = -p - 3. Let a(c) = d*f(c) + j*v(c). What is a(-3)?
-5
Let i(a) be the first derivative of 0*a - 12 + 3*a**2 - 1/3*a**3. Determine i(6).
0
Let g(q) = -5*q**2 - q - 1. Let h be g(-1). Let c = h - -8. Let k(u) = 4*u + 1. Let v(x) = -3*x - 1. Let z(r) = -2*k(r) - 3*v(r). What is z(c)?
4
Let a(z) = z - 2. Let s be ((-39)/12 - -3 - 0)*-20. Determine a(s).
3
Let a(j) = 28*j**3 - 10*j**2 - 6*j - 2. Let h(y) = 13*y**3 - 5*y**2 - 3*y - 1. Let r(z) = 6*a(z) - 13*h(z). What is r(4)?
29
Let z be (2/(-3))/((-1)/3). Let r(n) be the first derivative of -7*n**2/2 + 3*n - 90. What is r(z)?
-11
Let h = 4 - 2. Let v(w) = -4*w**h + 2*w**2 + 8 + 0*w**2 + 7*w + 3*w**2. Suppose 7*c - 7 = -49. Determine v(c).
2
Let x(q) = 4*q + 7. Let o(c) = -8*c**2 + 56*c + 5. Let g be o(7). Give x(g).
27
Let y(k) be the second derivative of k + 0 - 1/6*k**3 + 5*k**2. Let x(f) = 2*f + 1. Let s be x(2). What is y(s)?
5
Let d(i) be the third derivative of 11*i**4/24 + i**3 + 28*i**2. Let s(q) = 21*q + 11. Let y(z) = -7*d(z) + 4*s(z). Calculate y(-1).
-5
Suppose -19 = -3*w - 20*g + 16*g, -2*w - 3*g = -11. Let c(p) = p**3 - 14*p**2 + 15*p + 9. Give c(w).
35
Suppose 0 = 4*y - 5*x + 13, -25 = -5*x. Let j(u) be the second derivative of u**5/20 - 5*u**4/12 + u**3/3 + 5*u + 3. What is j(y)?
-12
Suppose 41*a - 31 = 40*a + 3*o, 65 = 5*a + 3*o. Let w(n) = -n**2 + 16*n - 2. Give w(a).
-2
Let w(v) = v**3 + 2*v - 1. Let d(b) = b**3 + 2*b - b**2 - 5*b + 4*b. Let c(x) = 5*d(x) - 4*w(x). Let m